{"id":2299,"date":"2025-03-14T08:59:18","date_gmt":"2025-03-14T11:59:18","guid":{"rendered":"https:\/\/sistemafaetsenar.org.br\/faet\/?page_id=2299"},"modified":"2026-03-27T10:27:20","modified_gmt":"2026-03-27T13:27:20","slug":"leiloeiros-credenciados","status":"publish","type":"page","link":"https:\/\/sistemafaetsenar.org.br\/faet\/leiloeiros-credenciados\/","title":{"rendered":"Leiloeiros Credenciados"},"content":{"rendered":"\t\t<div data-elementor-type=\"wp-page\" data-elementor-id=\"2299\" class=\"elementor elementor-2299\" data-elementor-post-type=\"page\">\n\t\t\t\t<div class=\"elementor-element elementor-element-146999c e-flex e-con-boxed e-con e-parent\" data-id=\"146999c\" data-element_type=\"container\">\n\t\t\t\t\t<div class=\"e-con-inner\">\n\t\t\t\t<div class=\"elementor-element elementor-element-03ad0fb elementor-widget elementor-widget-hub_fancy_heading\" data-id=\"03ad0fb\" data-element_type=\"widget\" data-widget_type=\"hub_fancy_heading.default\">\n\t\t\t\t<div class=\"elementor-widget-container\">\n\t\t\t\n\t\t<div id=\"ld-fancy-heading-69f549be5502e\" class=\"ld-fancy-heading pos-rel\">\n\t\t\t<h2 class=\"ld-fh-element d-inline-block pos-rel  elementor-heading-title lqd-highlight-classic lqd-highlight-grow-left h2\"  > Credenciamento de Leiloeiros Rurais - Tocantins<\/h2>\t\t<\/div>\n\n\t\t\t\t<\/div>\n\t\t\t\t<\/div>\n\t\t\t\t<div class=\"elementor-element elementor-element-2cace10 elementor-widget elementor-widget-text-editor\" data-id=\"2cace10\" data-element_type=\"widget\" data-widget_type=\"text-editor.default\">\n\t\t\t\t<div class=\"elementor-widget-container\">\n\t\t\t<style>\/*! elementor - v3.21.0 - 30-04-2024 *\/\n.elementor-widget-text-editor.elementor-drop-cap-view-stacked .elementor-drop-cap{background-color:#69727d;color:#fff}.elementor-widget-text-editor.elementor-drop-cap-view-framed .elementor-drop-cap{color:#69727d;border:3px solid;background-color:transparent}.elementor-widget-text-editor:not(.elementor-drop-cap-view-default) .elementor-drop-cap{margin-top:8px}.elementor-widget-text-editor:not(.elementor-drop-cap-view-default) .elementor-drop-cap-letter{width:1em;height:1em}.elementor-widget-text-editor .elementor-drop-cap{float:left;text-align:center;line-height:1;font-size:50px}.elementor-widget-text-editor .elementor-drop-cap-letter{display:inline-block}<\/style>\t\t\t\t<p style=\"text-align: justify;\"><span style=\"color: #000000;\">Nos termos da Lei 4.021, de 20 de dezembro de 1961, a Federa\u00e7\u00e3o da Agricultura e Pecu\u00e1ria do Tocantins \u00e9 legitimada para nomear, credenciar, destituir, suspender e fixar o n\u00famero de Leiloeiros (as) Rurais neste Estado;<\/span><\/p><p style=\"text-align: justify;\">\u00a0<\/p><p style=\"text-align: justify;\"><span style=\"color: #000000;\">A regulamenta\u00e7\u00e3o dos procedimentos pertinentes \u00e0 profiss\u00e3o de Leiloeiro (a) Rural, bem como a necessidade de disciplinar a nomea\u00e7\u00e3o e estabelecer o controle da atividade e da atualiza\u00e7\u00e3o dos dados cadastrais dos Leiloeiros Rurais est\u00e1 prevista na Resolu\u00e7\u00e3o da FAET n\u00ba 001\/2024 de 22 de outubro de 2024, bem como indicada na Portaria da ADAPEC n\u00ba.376, de 19 de dezembro de 2024.<\/span><\/p><p style=\"text-align: justify;\">\u00a0<\/p><p style=\"text-align: justify;\"><span style=\"color: #000000;\">A nomea\u00e7\u00e3o e credenciamento de Leiloeiros (as) Rurais no Estado do Tocantins \u00e9 de compet\u00eancia desta Federa\u00e7\u00e3o, nos termos da Lei n\u00ba 4.021 de 20\/12\/1961.<\/span><br \/><span style=\"color: #000000;\">\u00c9 vedado o exerc\u00edcio da profiss\u00e3o de Leiloeiro (a) Rural no Estado do Tocantins sem a pr\u00e9via nomea\u00e7\u00e3o e credenciamento por esta Federa\u00e7\u00e3o, nos termos da legisla\u00e7\u00e3o.<\/span><\/p><p style=\"text-align: justify;\">\u00a0<\/p><p style=\"text-align: justify;\"><span style=\"color: #000000;\">A rela\u00e7\u00e3o dos profissionais credenciados est\u00e3o dispon\u00edveis no site da Federa\u00e7\u00e3o da Agricultura, especificados com nome, data de credenciamento, n\u00ba de credenciamento, n\u00ba do ato de constitui\u00e7\u00e3o, validade do credenciamento e situa\u00e7\u00e3o do cadastro.<\/span><\/p><p style=\"text-align: justify;\">\u00a0<\/p><ul style=\"text-align: justify;\"><li><span style=\"color: #000000;\">Os cadastros \u201cAtivos\u201d referem-se aos leiloeiros rurais credenciados e quites com suas obriga\u00e7\u00f5es junto a esta Federa\u00e7\u00e3o;<\/span><\/li><li><span style=\"color: #000000;\">Os cadastros \u201cInativos\u201d, referem-se a leiloeiros rurais credenciados, mas que est\u00e3o com pend\u00eancias no processo.<\/span><\/li><\/ul><p style=\"text-align: justify;\">\u00a0<\/p><p style=\"text-align: justify;\"><span style=\"color: #000000;\">Para maiores informa\u00e7\u00f5es: 063 3219-9200 ou pelo e-mail: miller@faetrural.com.br<\/span><\/p>\t\t\t\t\t\t<\/div>\n\t\t\t\t<\/div>\n\t\t\t\t<div class=\"elementor-element elementor-element-3f4d419 elementor-widget elementor-widget-hub_fancy_heading\" data-id=\"3f4d419\" data-element_type=\"widget\" data-widget_type=\"hub_fancy_heading.default\">\n\t\t\t\t<div class=\"elementor-widget-container\">\n\t\t\t\n\t\t<div id=\"ld-fancy-heading-69f549be55e0a\" class=\"ld-fancy-heading pos-rel\">\n\t\t\t\t\t<\/div>\n\n\t\t\t\t<\/div>\n\t\t\t\t<\/div>\n\t\t\t\t\t<\/div>\n\t\t\t\t<\/div>\n\t\t<div class=\"elementor-element elementor-element-f8aa2a5 e-flex e-con-boxed e-con e-parent\" data-id=\"f8aa2a5\" data-element_type=\"container\">\n\t\t\t\t\t<div class=\"e-con-inner\">\n\t\t\t\t<div class=\"elementor-element elementor-element-82a50d8 elementor-widget elementor-widget-ld_fancy_image\" data-id=\"82a50d8\" data-element_type=\"widget\" data-widget_type=\"ld_fancy_image.default\">\n\t\t\t\t<div class=\"elementor-widget-container\">\n\t\t\t\n\t\t<div class=\"lqd-imggrp-single d-block pos-rel \">\n\t\t\t<div class=\"lqd-imggrp-img-container d-inline-flex pos-rel align-items-center justify-content-center \">\n\t\t\t\t\t\t\t\t<figure class=\"w-100 pos-rel\">\n\t\t\t\t\t<img fetchpriority=\"high\" decoding=\"async\" width=\"1199\" height=\"610\" src=\"https:\/\/sistemafaetsenar.org.br\/faet\/wp-content\/uploads\/2026\/03\/Lista.27.03.26.png\" class=\"attachment-full size-full wp-image-3994\" alt=\"\" srcset=\"https:\/\/sistemafaetsenar.org.br\/faet\/wp-content\/uploads\/2026\/03\/Lista.27.03.26.png 1199w, https:\/\/sistemafaetsenar.org.br\/faet\/wp-content\/uploads\/2026\/03\/Lista.27.03.26-300x153.png 300w, https:\/\/sistemafaetsenar.org.br\/faet\/wp-content\/uploads\/2026\/03\/Lista.27.03.26-1024x521.png 1024w\" sizes=\"(max-width: 1199px) 100vw, 1199px\" itemprop=\"image\" \/>\t\t\t\t\t\t\t\t\t\t\t\t\t\t\t\t\t\t\t\t\t\t\t\t\t\t\t\t\t<\/figure>\n\t\t\t<\/div>\n\t\t<\/div>\n\n\t\t\t<\/div>\n\t\t\t\t<\/div>\n\t\t\t\t\t<\/div>\n\t\t\t\t<\/div>\n\t\t\t\t<\/div>\n\t\t","protected":false},"excerpt":{"rendered":"<p>Credenciamento de Leiloeiros Rurais &#8211; Tocantins Nos termos da Lei 4.021, de 20 de dezembro de 1961, a Federa\u00e7\u00e3o da Agricultura e Pecu\u00e1ria do Tocantins \u00e9 legitimada para nomear, credenciar, destituir, suspender e fixar o n\u00famero de Leiloeiros (as) Rurais neste Estado; \u00a0 A regulamenta\u00e7\u00e3o dos procedimentos pertinentes \u00e0 profiss\u00e3o de Leiloeiro (a) Rural, bem [&hellip;]<\/p>\n","protected":false},"author":5,"featured_media":0,"parent":0,"menu_order":0,"comment_status":"closed","ping_status":"closed","template":"","meta":{"kia_subtitle":"","footnotes":""},"class_list":["post-2299","page","type-page","status-publish","hentry"],"_links":{"self":[{"href":"https:\/\/sistemafaetsenar.org.br\/faet\/wp-json\/wp\/v2\/pages\/2299"}],"collection":[{"href":"https:\/\/sistemafaetsenar.org.br\/faet\/wp-json\/wp\/v2\/pages"}],"about":[{"href":"https:\/\/sistemafaetsenar.org.br\/faet\/wp-json\/wp\/v2\/types\/page"}],"author":[{"embeddable":true,"href":"https:\/\/sistemafaetsenar.org.br\/faet\/wp-json\/wp\/v2\/users\/5"}],"replies":[{"embeddable":true,"href":"https:\/\/sistemafaetsenar.org.br\/faet\/wp-json\/wp\/v2\/comments?post=2299"}],"version-history":[{"count":0,"href":"https:\/\/sistemafaetsenar.org.br\/faet\/wp-json\/wp\/v2\/pages\/2299\/revisions"}],"wp:attachment":[{"href":"https:\/\/sistemafaetsenar.org.br\/faet\/wp-json\/wp\/v2\/media?parent=2299"}],"curies":[{"name":"wp","href":"https:\/\/api.w.org\/{rel}","templated":true}]}}

<div data-elementor-type="wp-page" data-elementor-id="2299" class="elementor elementor-2299" data-elementor-post-type="page">
				<div class="elementor-element elementor-element-146999c e-flex e-con-boxed e-con e-parent" data-id="146999c" data-element_type="container">
					<div class="e-con-inner">
				<div class="elementor-element elementor-element-03ad0fb elementor-widget elementor-widget-hub_fancy_heading" data-id="03ad0fb" data-element_type="widget" data-widget_type="hub_fancy_heading.default">
				<div class="elementor-widget-container">
			
		<div id="ld-fancy-heading-69f549be5502e" class="ld-fancy-heading pos-rel">
			<h2 class="ld-fh-element d-inline-block pos-rel  elementor-heading-title lqd-highlight-classic lqd-highlight-grow-left h2"  > Credenciamento de Leiloeiros Rurais - Tocantins</h2>		</div>

				</div>
				</div>
				<div class="elementor-element elementor-element-2cace10 elementor-widget elementor-widget-text-editor" data-id="2cace10" data-element_type="widget" data-widget_type="text-editor.default">
				<div class="elementor-widget-container">
			<style>/*! elementor - v3.21.0 - 30-04-2024 */
.elementor-widget-text-editor.elementor-drop-cap-view-stacked .elementor-drop-cap{background-color:#69727d;color:#fff}.elementor-widget-text-editor.elementor-drop-cap-view-framed .elementor-drop-cap{color:#69727d;border:3px solid;background-color:transparent}.elementor-widget-text-editor:not(.elementor-drop-cap-view-default) .elementor-drop-cap{margin-top:8px}.elementor-widget-text-editor:not(.elementor-drop-cap-view-default) .elementor-drop-cap-letter{width:1em;height:1em}.elementor-widget-text-editor .elementor-drop-cap{float:left;text-align:center;line-height:1;font-size:50px}.elementor-widget-text-editor .elementor-drop-cap-letter{display:inline-block}</style>				<p style="text-align: justify;"><span style="color: #000000;">Nos termos da Lei 4.021, de 20 de dezembro de 1961, a Federação da Agricultura e Pecuária do Tocantins é legitimada para nomear, credenciar, destituir, suspender e fixar o número de Leiloeiros (as) Rurais neste Estado;</span></p><p style="text-align: justify;"> </p><p style="text-align: justify;"><span style="color: #000000;">A regulamentação dos procedimentos pertinentes à profissão de Leiloeiro (a) Rural, bem como a necessidade de disciplinar a nomeação e estabelecer o controle da atividade e da atualização dos dados cadastrais dos Leiloeiros Rurais está prevista na Resolução da FAET nº 001/2024 de 22 de outubro de 2024, bem como indicada na Portaria da ADAPEC nº.376, de 19 de dezembro de 2024.</span></p><p style="text-align: justify;"> </p><p style="text-align: justify;"><span style="color: #000000;">A nomeação e credenciamento de Leiloeiros (as) Rurais no Estado do Tocantins é de competência desta Federação, nos termos da Lei nº 4.021 de 20/12/1961.</span><br /><span style="color: #000000;">É vedado o exercício da profissão de Leiloeiro (a) Rural no Estado do Tocantins sem a prévia nomeação e credenciamento por esta Federação, nos termos da legislação.</span></p><p style="text-align: justify;"> </p><p style="text-align: justify;"><span style="color: #000000;">A relação dos profissionais credenciados estão disponíveis no site da Federação da Agricultura, especificados com nome, data de credenciamento, nº de credenciamento, nº do ato de constituição, validade do credenciamento e situação do cadastro.</span></p><p style="text-align: justify;"> </p><ul style="text-align: justify;"><li><span style="color: #000000;">Os cadastros “Ativos” referem-se aos leiloeiros rurais credenciados e quites com suas obrigações junto a esta Federação;</span></li><li><span style="color: #000000;">Os cadastros “Inativos”, referem-se a leiloeiros rurais credenciados, mas que estão com pendências no processo.</span></li></ul><p style="text-align: justify;"> </p><p style="text-align: justify;"><span style="color: #000000;">Para maiores informações: 063 3219-9200 ou pelo e-mail: miller@faetrural.com.br</span></p>						</div>
				</div>
				<div class="elementor-element elementor-element-3f4d419 elementor-widget elementor-widget-hub_fancy_heading" data-id="3f4d419" data-element_type="widget" data-widget_type="hub_fancy_heading.default">
				<div class="elementor-widget-container">
			
		<div id="ld-fancy-heading-69f549be55e0a" class="ld-fancy-heading pos-rel">
					</div>

				</div>
				</div>
					</div>
				</div>
		<div class="elementor-element elementor-element-f8aa2a5 e-flex e-con-boxed e-con e-parent" data-id="f8aa2a5" data-element_type="container">
					<div class="e-con-inner">
				<div class="elementor-element elementor-element-82a50d8 elementor-widget elementor-widget-ld_fancy_image" data-id="82a50d8" data-element_type="widget" data-widget_type="ld_fancy_image.default">
				<div class="elementor-widget-container">
			
		<div class="lqd-imggrp-single d-block pos-rel ">
			<div class="lqd-imggrp-img-container d-inline-flex pos-rel align-items-center justify-content-center ">
								<figure class="w-100 pos-rel">
					<img fetchpriority="high" decoding="async" width="1199" height="610" src="https://sistemafaetsenar.org.br/faet/wp-content/uploads/2026/03/Lista.27.03.26.png" class="attachment-full size-full wp-image-3994" alt="" srcset="https://sistemafaetsenar.org.br/faet/wp-content/uploads/2026/03/Lista.27.03.26.png 1199w, https://sistemafaetsenar.org.br/faet/wp-content/uploads/2026/03/Lista.27.03.26-300x153.png 300w, https://sistemafaetsenar.org.br/faet/wp-content/uploads/2026/03/Lista.27.03.26-1024x521.png 1024w" sizes="(max-width: 1199px) 100vw, 1199px" itemprop="image" />																													</figure>
			</div>
		</div>

			</div>
				</div>
					</div>
				</div>
				</div>

<p>Credenciamento de Leiloeiros Rurais &#8211; Tocantins Nos termos da Lei 4.021, de 20 de dezembro de 1961, a Federação da Agricultura e Pecuária do Tocantins é legitimada para nomear, credenciar, destituir, suspender e fixar o número de Leiloeiros (as) Rurais neste Estado;   A regulamentação dos procedimentos pertinentes à profissão de Leiloeiro (a) Rural, bem [&hellip;]</p>
