{"id":824,"date":"2023-12-14T21:20:22","date_gmt":"2023-12-15T00:20:22","guid":{"rendered":"https:\/\/sistemafaetsenar.org.br\/faet\/?post_type=galeria-de-fotos&#038;p=824"},"modified":"2023-12-14T21:24:41","modified_gmt":"2023-12-15T00:24:41","slug":"exposicao-agropecuaria-de-lagoa-da-confusao","status":"publish","type":"galeria-de-fotos","link":"https:\/\/sistemafaetsenar.org.br\/faet\/galeria-de-fotos\/exposicao-agropecuaria-de-lagoa-da-confusao\/","title":{"rendered":"Exposi\u00e7\u00e3o Agropecu\u00e1ria de Lagoa da Confus\u00e3o"},"content":{"rendered":"<p>Veja alguns registros da Exposi\u00e7\u00e3o Agropecu\u00e1ria em Lagoa da Confus\u00e3o<\/p>\n","protected":false},"author":2,"featured_media":830,"template":"","class_list":["post-824","galeria-de-fotos","type-galeria-de-fotos","status-publish","has-post-thumbnail","hentry"],"_links":{"self":[{"href":"https:\/\/sistemafaetsenar.org.br\/faet\/wp-json\/wp\/v2\/galeria-de-fotos\/824"}],"collection":[{"href":"https:\/\/sistemafaetsenar.org.br\/faet\/wp-json\/wp\/v2\/galeria-de-fotos"}],"about":[{"href":"https:\/\/sistemafaetsenar.org.br\/faet\/wp-json\/wp\/v2\/types\/galeria-de-fotos"}],"author":[{"embeddable":true,"href":"https:\/\/sistemafaetsenar.org.br\/faet\/wp-json\/wp\/v2\/users\/2"}],"wp:featuredmedia":[{"embeddable":true,"href":"https:\/\/sistemafaetsenar.org.br\/faet\/wp-json\/wp\/v2\/media\/830"}],"wp:attachment":[{"href":"https:\/\/sistemafaetsenar.org.br\/faet\/wp-json\/wp\/v2\/media?parent=824"}],"curies":[{"name":"wp","href":"https:\/\/api.w.org\/{rel}","templated":true}]}}

Exposição Agropecuária de Lagoa da Confusão

<p>Veja alguns registros da Exposição Agropecuária em Lagoa da Confusão</p>
