{"id":2934,"date":"2025-04-03T08:51:00","date_gmt":"2025-04-03T11:51:00","guid":{"rendered":"https:\/\/sistemafaetsenar.org.br\/faet\/?post_type=galeria-de-fotos&#038;p=2934"},"modified":"2025-04-03T08:55:16","modified_gmt":"2025-04-03T11:55:16","slug":"assembleia-ordinaria-do-conselho-de-representantes-da-faet","status":"publish","type":"galeria-de-fotos","link":"https:\/\/sistemafaetsenar.org.br\/faet\/galeria-de-fotos\/assembleia-ordinaria-do-conselho-de-representantes-da-faet\/","title":{"rendered":"Assembleia Ordin\u00e1ria do Conselho de Representantes da FAET"},"content":{"rendered":"<p>O presidente da FAET, Paulo Carneiro, agradeceu a presen\u00e7a dos presidentes de sindicatos rurais e do Diretor do Senar nacional, Daniel Carrara, durante a Assembleia Ordin\u00e1ria do Conselho de Representantes da FAET, o encontro \u00e9 fundamental para discutir os interesses da categoria econ\u00f4mica rural e definir estrat\u00e9gias para o desenvolvimento do agroneg\u00f3cio no Tocantins.<\/p>\n<p>&nbsp;<\/p>\n<p>A FAET tem como objetivo representar os interesses da agricultura e pecu\u00e1ria do estado, al\u00e9m de promover o desenvolvimento sustent\u00e1vel e a representa\u00e7\u00e3o efetiva da categoria econ\u00f4mica rural.<\/p>\n<p>&nbsp;<\/p>\n<p>Com a presen\u00e7a de lideran\u00e7as importantes, como Daniel Carrara, e v\u00e1rios presidentes de sindicatos rurais, a FAET reafirma seu compromisso em trabalhar em prol do agroneg\u00f3cio tocantinense.<\/p>\n","protected":false},"author":7,"featured_media":2971,"template":"","class_list":["post-2934","galeria-de-fotos","type-galeria-de-fotos","status-publish","has-post-thumbnail","hentry"],"_links":{"self":[{"href":"https:\/\/sistemafaetsenar.org.br\/faet\/wp-json\/wp\/v2\/galeria-de-fotos\/2934"}],"collection":[{"href":"https:\/\/sistemafaetsenar.org.br\/faet\/wp-json\/wp\/v2\/galeria-de-fotos"}],"about":[{"href":"https:\/\/sistemafaetsenar.org.br\/faet\/wp-json\/wp\/v2\/types\/galeria-de-fotos"}],"author":[{"embeddable":true,"href":"https:\/\/sistemafaetsenar.org.br\/faet\/wp-json\/wp\/v2\/users\/7"}],"wp:featuredmedia":[{"embeddable":true,"href":"https:\/\/sistemafaetsenar.org.br\/faet\/wp-json\/wp\/v2\/media\/2971"}],"wp:attachment":[{"href":"https:\/\/sistemafaetsenar.org.br\/faet\/wp-json\/wp\/v2\/media?parent=2934"}],"curies":[{"name":"wp","href":"https:\/\/api.w.org\/{rel}","templated":true}]}}

Assembleia Ordinária do Conselho de Representantes da FAET

<p>O presidente da FAET, Paulo Carneiro, agradeceu a presença dos presidentes de sindicatos rurais e do Diretor do Senar nacional, Daniel Carrara, durante a Assembleia Ordinária do Conselho de Representantes da FAET, o encontro é fundamental para discutir os interesses da categoria econômica rural e definir estratégias para o desenvolvimento do agronegócio no Tocantins.</p>
<p>&nbsp;</p>
<p>A FAET tem como objetivo representar os interesses da agricultura e pecuária do estado, além de promover o desenvolvimento sustentável e a representação efetiva da categoria econômica rural.</p>
<p>&nbsp;</p>
<p>Com a presença de lideranças importantes, como Daniel Carrara, e vários presidentes de sindicatos rurais, a FAET reafirma seu compromisso em trabalhar em prol do agronegócio tocantinense.</p>
