{"id":2442,"date":"2024-07-30T09:31:03","date_gmt":"2024-07-30T12:31:03","guid":{"rendered":"https:\/\/sistemafaetsenar.org.br\/faet\/?post_type=galeria-de-fotos&#038;p=2442"},"modified":"2024-07-30T09:31:59","modified_gmt":"2024-07-30T12:31:59","slug":"missao-tecnica-do-sistema-faet-senar-conheceu-praticas-de-sucesso-em-mato-grosso-do-sul","status":"publish","type":"galeria-de-fotos","link":"https:\/\/sistemafaetsenar.org.br\/faet\/galeria-de-fotos\/missao-tecnica-do-sistema-faet-senar-conheceu-praticas-de-sucesso-em-mato-grosso-do-sul\/","title":{"rendered":"Miss\u00e3o T\u00e9cnica do Sistema Faet\/Senar conheceu pr\u00e1ticas de sucesso em Mato Grosso do Sul"},"content":{"rendered":"<p>Como parte do programa \u201cCapacita Sindicato Rural\u201d, que qualifica l\u00edderes rurais, a comitiva tocantinense conheceu a estrutura da Federa\u00e7\u00e3o da Agricultura e Pecu\u00e1ria de Mato Grosso do Sul, Famasul, visitou a Embrapa Gado de Corte e o Centro de Excel\u00eancia do Senar em Gado de Corte.<\/p>\n<p>Segundo o presidente do sistema em Mato Grosso do Sul, Marcelo Bertoni, a miss\u00e3o permite aos integrantes \u201cconhecer pr\u00e1ticas de outros estados e verificar o que ele pode aplicar no dia a dia do seu trabalho no Tocantins\u201d.<\/p>\n<p>J\u00e1 o presidente do Sistema Faet, Paulo Carneiro destacou que a miss\u00e3o busca conhecimentos: \u201cviemos aqui pra aprender, ver o que a federa\u00e7\u00e3o e os sindicatos fazem e o que podemos levar de experi\u00eancia e boas pr\u00e1ticas pra ser aplicado no nosso estado\u201d, afirmou.<\/p>\n<p>A iniciativa tem o apoio do MAPA e do Governo Federal.<\/p>\n","protected":false},"author":7,"featured_media":2467,"template":"","class_list":["post-2442","galeria-de-fotos","type-galeria-de-fotos","status-publish","has-post-thumbnail","hentry"],"_links":{"self":[{"href":"https:\/\/sistemafaetsenar.org.br\/faet\/wp-json\/wp\/v2\/galeria-de-fotos\/2442"}],"collection":[{"href":"https:\/\/sistemafaetsenar.org.br\/faet\/wp-json\/wp\/v2\/galeria-de-fotos"}],"about":[{"href":"https:\/\/sistemafaetsenar.org.br\/faet\/wp-json\/wp\/v2\/types\/galeria-de-fotos"}],"author":[{"embeddable":true,"href":"https:\/\/sistemafaetsenar.org.br\/faet\/wp-json\/wp\/v2\/users\/7"}],"wp:featuredmedia":[{"embeddable":true,"href":"https:\/\/sistemafaetsenar.org.br\/faet\/wp-json\/wp\/v2\/media\/2467"}],"wp:attachment":[{"href":"https:\/\/sistemafaetsenar.org.br\/faet\/wp-json\/wp\/v2\/media?parent=2442"}],"curies":[{"name":"wp","href":"https:\/\/api.w.org\/{rel}","templated":true}]}}

Missão Técnica do Sistema Faet/Senar conheceu práticas de sucesso em Mato Grosso do Sul

<p>Como parte do programa “Capacita Sindicato Rural”, que qualifica líderes rurais, a comitiva tocantinense conheceu a estrutura da Federação da Agricultura e Pecuária de Mato Grosso do Sul, Famasul, visitou a Embrapa Gado de Corte e o Centro de Excelência do Senar em Gado de Corte.</p>
<p>Segundo o presidente do sistema em Mato Grosso do Sul, Marcelo Bertoni, a missão permite aos integrantes “conhecer práticas de outros estados e verificar o que ele pode aplicar no dia a dia do seu trabalho no Tocantins”.</p>
<p>Já o presidente do Sistema Faet, Paulo Carneiro destacou que a missão busca conhecimentos: “viemos aqui pra aprender, ver o que a federação e os sindicatos fazem e o que podemos levar de experiência e boas práticas pra ser aplicado no nosso estado”, afirmou.</p>
<p>A iniciativa tem o apoio do MAPA e do Governo Federal.</p>
