{"id":1406,"date":"2023-11-28T16:11:25","date_gmt":"2023-11-28T19:11:25","guid":{"rendered":"https:\/\/sistemafaetsenar.org.br\/faet\/?post_type=galeria-de-fotos&#038;p=1406"},"modified":"2024-01-22T16:12:23","modified_gmt":"2024-01-22T19:12:23","slug":"8o-seminario-em-gestao-de-excelencia-sindical","status":"publish","type":"galeria-de-fotos","link":"https:\/\/sistemafaetsenar.org.br\/faet\/galeria-de-fotos\/8o-seminario-em-gestao-de-excelencia-sindical\/","title":{"rendered":"8\u00ba Semin\u00e1rio em Gest\u00e3o de Excel\u00eancia Sindical"},"content":{"rendered":"","protected":false},"author":3,"featured_media":1440,"template":"","class_list":["post-1406","galeria-de-fotos","type-galeria-de-fotos","status-publish","has-post-thumbnail","hentry"],"_links":{"self":[{"href":"https:\/\/sistemafaetsenar.org.br\/faet\/wp-json\/wp\/v2\/galeria-de-fotos\/1406"}],"collection":[{"href":"https:\/\/sistemafaetsenar.org.br\/faet\/wp-json\/wp\/v2\/galeria-de-fotos"}],"about":[{"href":"https:\/\/sistemafaetsenar.org.br\/faet\/wp-json\/wp\/v2\/types\/galeria-de-fotos"}],"author":[{"embeddable":true,"href":"https:\/\/sistemafaetsenar.org.br\/faet\/wp-json\/wp\/v2\/users\/3"}],"wp:featuredmedia":[{"embeddable":true,"href":"https:\/\/sistemafaetsenar.org.br\/faet\/wp-json\/wp\/v2\/media\/1440"}],"wp:attachment":[{"href":"https:\/\/sistemafaetsenar.org.br\/faet\/wp-json\/wp\/v2\/media?parent=1406"}],"curies":[{"name":"wp","href":"https:\/\/api.w.org\/{rel}","templated":true}]}}

8º Seminário em Gestão de Excelência Sindical
